hen 302621 is divided by 2050?
1271
Calculate the remainder when 2003558 is divided by 143110.
18
What is the remainder when 93466 is divided by 2109?
670
Calculate the remainder when 620651 is divided by 6145.
6
Calculate the remainder when 106514 is divided by 1223.
113
Calculate the remainder when 2990361 is divided by 377.
374
What is the remainder when 1143149411 is divided by 22?
19
What is the remainder when 229139478 is divided by 2360?
2358
Calculate the remainder when 49751884 is divided by 2601.
2557
What is the remainder when 60229 is divided by 14608?
1797
Calculate the remainder when 276267 is divided by 919.
567
Calculate the remainder when 3737004 is divided by 5070.
414
Calculate the remainder when 93240 is divided by 45288.
2664
What is the remainder when 2086463 is divided by 81?
65
Calculate the remainder when 10998968 is divided by 105759.
32
What is the remainder when 1110985839 is divided by 371?
369
What is the remainder when 791030 is divided by 103?
93
What is the remainder when 386683 is divided by 8688?
4411
What is the remainder when 15392410 is divided by 714?
712
Calculate the remainder when 84875 is divided by 42236.
403
Calculate the remainder when 6371624 is divided by 6371624.
0
Calculate the remainder when 4465093 is divided by 8393.
17
What is the remainder when 672982825 is divided by 22?
9
What is the remainder when 2425843107 is divided by 7124?
7123
Calculate the remainder when 227961 is divided by 1000.
961
What is the remainder when 7449313 is divided by 2256?
1
What is the remainder when 424606 is divided by 212293?
20
What is the remainder when 3064247 is divided by 52?
43
What is the remainder when 8342792 is divided by 926975?
17
Calculate the remainder when 22468524 is divided by 50949.
15
Calculate the remainder when 6887082 is divided by 1872.
1866
What is the remainder when 186869 is divided by 995?
804
What is the remainder when 440423 is divided by 1138?
17
What is the remainder when 120211252 is divided by 18?
16
Calculate the remainder when 690237079 is divided by 67.
64
Calculate the remainder when 361263 is divided by 450.
363
What is the remainder when 59803075 is divided by 5653?
5641
Calculate the remainder when 1902762 is divided by 982.
628
Calculate the remainder when 1279471 is divided by 31946.
1631
Calculate the remainder when 43722605 is divided by 15532.
25
Calculate the remainder when 20198088 is divided by 20198069.
19
Calculate the remainder when 153149 is divided by 3618.
1193
What is the remainder when 29408062 is divided by 158?
154
What is the remainder when 539437 is divided by 8?
5
Calculate the remainder when 9058620 is divided by 1006511.
21
What is the remainder when 15591518 is divided by 26?
20
What is the remainder when 13026516 is divided by 1395?
6
What is the remainder when 12927124 is divided by 4309038?
10
What is the remainder when 866209 is divided by 2431?
773
What is the remainder when 111380 is divided by 158?
148
Calculate the remainder when 3728671 is divided by 13608.
79
Calculate the remainder when 5477 is divided by 2145.
1187
What is the remainder when 564923 is divided by 10658?
49
What is the remainder when 733365 is divided by 4955?
25
Calculate the remainder when 13820806 is divided by 71.
17
Calculate the remainder when 1576514 is divided by 9.
2
What is the remainder when 53926665 is divided by 2983?
2974
Calculate the remainder when 76269 is divided by 3822.
3651
What is the remainder when 5435541 is divided by 1811839?
24
Calculate the remainder when 31178999 is divided by 200.
199
Calculate the remainder when 25552 is divided by 3915.
2062
Calculate the remainder when 238756416 is divided by 203.
199
What is the remainder when 3281229 is divided by 29?
24
What is the remainder when 32681 is divided by 2502?
155
What is the remainder when 9622881 is divided by 147?
114
Calculate the remainder when 3251477 is divided by 3251467.
10
What is the remainder when 18959 is divided by 2214?
1247
Calculate the remainder when 94139134 is divided by 4032.
4030
What is the remainder when 489042 is divided by 48902?
22
What is the remainder when 77924 is divided by 350?
224
Calculate the remainder when 191015 is divided by 95457.
101
Calculate the remainder when 151751 is divided by 18636.
2663
What is the remainder when 86961 is divided by 5772?
381
Calculate the remainder when 275037194 is divided by 485.
484
Calculate the remainder when 686165 is divided by 12912.
1829
What is the remainder when 749415 is divided by 374706?
3
What is the remainder when 64492 is divided by 23?
0
Calculate the remainder when 36523090 is divided by 379.
376
What is the remainder when 45441 is divided by 44438?
1003
What is the remainder when 1717550 is divided by 24?
14
Calculate the remainder when 18378175 is divided by 45.
40
What is the remainder when 70568 is divided by 1957?
116
Calculate the remainder when 26591129 is divided by 2154.
2153
What is the remainder when 2692502292 is divided by 4685?
4682
Calculate the remainder when 197813 is divided by 1504.
789
Calculate the remainder when 49076 is divided by 5353.
899
What is the remainder when 114450 is divided by 935?
380
What is the remainder when 126626 is divided by 16578?
10580
Calculate the remainder when 1353828 is divided by 42307.
4
Calculate the remainder when 28492059 is divided by 1352.
11
What is the remainder when 2228956 is divided by 778?
764
Calculate the remainder when 75356 is divided by 5020.
56
Calculate the remainder when 1176764 is divided by 30.
14
What is the remainder when 78961 is divided by 26181?
418
What is the remainder when 1063818 is divided by 151695?
1953
What is the remainder when 15524316 is divided by 18659?
28
What is the remainder when 549739 is divided by 22818?
2107
Calculate the remainder when 40197569 is divided by 1106.
1105
What is the remainder when 123802 is divided by 61667?
468
Calculate the remainder when 52197021 is divided by 176.
173
Calculate the remainder when 276028 is divided by 2264.
2084
Calculate the remainder when 1607378 is divided by 11.
3
What is the remainder when 2505289 is divided by 51126?
115
Calculate the remainder when 395981 is divided by 79077.
596
Calculate the remainder when 151609 is divided by 1996.
1909
Calculate the remainder when 716806 is divided by 358295.
216
Calculate the remainder when 21211 is divided by 4129.
566
What is the remainder when 1888505 is divided by 59?
33
What is the remainder when 39844225 is divided by 34?
33
What is the remainder when 292752 is divided by 337?
236
What is the remainder when 397914 is divided by 131961?
2031
What is the remainder when 1285239 is divided by 3321?
12
Calculate the remainder when 217813004 is divided by 2294.
2292
What is the remainder when 123576 is divided by 3069?
816
What is the remainder when 90039 is divided by 12057?
5640
What is the remainder when 7778928 is divided by 1944726?
24
Calculate the remainder when 8984 is divided by 64.
24
Calculate the remainder when 1102229 is divided by 56.
37
Calculate the remainder when 319090 is divided by 430.
30
Calculate the remainder when 1748120239 is divided by 382.
379
Calculate the remainder when 20063495 is divided by 1155.
1145
What is the remainder when 3439320 is divided by 16147?
9
Calculate the remainder when 227938877 is divided by 416.
413
Calculate the remainder when 18829162 is divided by 4707289.
6
What is the remainder when 2441749 is divided by 277?
271
What is the remainder when 278614 is divided by 30938?
172
Calculate the remainder when 104794637 is divided by 1385.
1382
What is the remainder when 3191609 is divided by 1910?
1909
What is the remainder when 54754 is divided by 64?
34
Calculate the remainder when 1964004 is divided by 129.
108
What is the remainder when 83158120 is divided by 350878?
34
Calculate the remainder when 4080500 is divided by 29.
26
What is the remainder when 96206 is divided by 4330?
946
What is the remainder when 636977 is divided by 500?
477
Calculate the remainder when 27896 is divided by 13758.
380
Calculate the remainder when 694334 is divided by 205.
204
What is the remainder when 9617018 is divided by 25?
18
What is the remainder when 24194777 is divided by 576066?
5
Calculat